h(w) = -38*w + 22. What is h(1)?
-16
Let g(a) = 24*a - 7. Give g(7).
161
Let n(t) = -t**3 + 14*t**2 + 29*t + 37. Give n(16).
-11
Let g(i) = -i**3 + 12*i**2 - 12*i + 20. What is g(11)?
9
Let k(j) = 3*j - 5. Calculate k(-3).
-14
Let z(g) = g**3 + 4*g**2 + 4*g + 2. Determine z(-3).
-1
Let x(j) = j**3 - 11*j**2 - 15*j + 39. Give x(12).
3
Let i(y) = 13*y**2 - 6*y + 1. Determine i(1).
8
Let d(p) = 10*p**2 - p + 1. What is d(-2)?
43
Let j(b) = -2*b + 25. Give j(12).
1
Let x(m) = -m**2 + m + 1. Determine x(-1).
-1
Let g(k) = k**3 + 8*k**2 + 2*k - 4. Give g(-6).
56
Let n(r) = -5*r - 92. What is n(-17)?
-7
Let k(c) = 3*c. What is k(-3)?
-9
Let c(l) = -l**3 + 11*l**2 - 6*l + 3. Determine c(10).
43
Let q(d) = -2*d - 2. What is q(3)?
-8
Let n(l) = -l**2 - 16*l + 11. Calculate n(-15).
26
Let c(z) = -4*z - 15. Give c(-8).
17
Let b(a) = -4*a**2 - 4*a - 4. Calculate b(-1).
-4
Let j(g) = g**3 + 27*g**2 - 29*g + 13. Calculate j(-28).
41
Let y(p) = p**3 - 7*p**2 - 7*p + 2. Determine y(9).
101
Let m(y) = -2*y**2 + 83*y - 265. Determine m(38).
1
Let c(z) = -2*z**3 + 8*z**2 + 3*z + 7. Calculate c(5).
-28
Let o(v) = v**3 + v**2 - 13*v - 3. Calculate o(-4).
1
Let o(y) = -y**3 - 12*y**2 + y + 21. What is o(-12)?
9
Let q(b) = -2*b**2 - 9*b - 13. Calculate q(-4).
-9
Let o(c) = c**3 + 4*c**2 + 6*c + 6. Determine o(-4).
-18
Let o(i) = -i**3 - 8*i**2 + 8*i + 1. Determine o(-9).
10
Let u(q) = 2*q**3 - 11*q**2 - 6*q + 2. Determine u(6).
2
Let r(l) = -9*l**2 - l. Give r(1).
-10
Let r(h) = 17*h - 27. Calculate r(-3).
-78
Let z(a) = a**3 + 3*a**2 + 3*a + 1. Give z(3).
64
Let f(m) = -m**2 + 12*m + 5. Give f(10).
25
Let c(a) = 2*a**3 + 7*a**2 + 3*a + 5. What is c(-3)?
5
Let p(h) = -h**2 + 8*h + 2. What is p(10)?
-18
Let o(i) = -i**2 - 2*i - 1. Determine o(-2).
-1
Let i(g) = g**3 + 3*g**2 - 2*g - 6. Determine i(-4).
-14
Let b(d) = -d**3 - 17*d**2 - 3*d + 22. What is b(-16)?
-186
Let a(z) = z**2 + 6*z - 3. Give a(4).
37
Let h(m) = 6*m - 16. Determine h(-9).
-70
Let m(h) = 4*h**2 - 55*h - 20. Calculate m(14).
-6
Let l(v) = 2*v**3 + 28*v**2 - 12*v - 180. What is l(-14)?
-12
Let u(g) = g**3 - 4*g**2 - 20*g - 18. Give u(7).
-11
Let t(d) = -d + 3. Determine t(14).
-11
Let f(d) = d**3 + 5*d**2 + 7*d + 1. Determine f(-5).
-34
Let t(r) = -8*r - 43. Calculate t(-6).
5
Let l(s) = s**2 + 14*s + 16. Determine l(-8).
-32
Let q(z) = -z**3 - 3*z**2 + 12*z + 48. What is q(-4)?
16
Let u(n) = -n**2 + 7*n + 64. Give u(12).
4
Let g(w) = -w**2 - 15*w + 19. What is g(-17)?
-15
Let b(r) = -3*r**3 - 4*r**2 + 3*r + 2. Determine b(1).
-2
Let u(p) = -6*p**2 - 10*p - 2. What is u(-3)?
-26
Let t(k) = k**3 + 10*k**2 - 8*k + 5. Give t(-11).
-28
Let p(z) = -2*z**2 - 24*z + 17. Determine p(-11).
39
Let w(b) = -3*b**3 + b**2 - 2*b. Determine w(1).
-4
Let o(g) = -9*g - 2. Calculate o(-1).
7
Let f(v) = v**2 - 4*v + 12. Give f(8).
44
Let o(i) = 2*i**2 - 31*i + 13. Give o(12).
-71
Let n(c) = -c**3 - 9*c**2 - 2*c + 9. What is n(-4)?
-63
Let m(d) = -d**3 + 7*d**2 - 5*d + 7. Determine m(5).
32
Let v(w) = -w**3 + 3*w**2 + 65*w - 194. Determine v(3).
1
Let i(h) = -h - 6. Calculate i(-3).
-3
Let v(p) = -p**2 + p + 9. Calculate v(-3).
-3
Let o(u) = 4*u**2 + 5*u - 6. Calculate o(2).
20
Let c(y) = -y**3 + 2*y**2 + 14*y - 8. Determine c(5).
-13
Let f(g) = 5*g - 23. Calculate f(5).
2
Let i(m) = -m**2 + 10*m + 55. What is i(14)?
-1
Let y(u) = u**3 + 7*u**2 + 9*u - 5. Determine y(-5).
0
Let v(r) = r**2 + 5*r + 8. Calculate v(-8).
32
Let n(h) = 8*h - 37. Determine n(6).
11
Let k(t) = t**2 - t + 2. What is k(-2)?
8
Let x(o) = o**3 + 52*o**2 - 48*o + 265. Calculate x(-53).
0
Let w(v) = -v**2 - 6*v + 13. Determine w(-11).
-42
Let p(b) = b**3 - 8*b**2 + 9*b - 12. What is p(5)?
-42
Let w(d) = -4*d**3 + d**2 + 6*d - 1. What is w(3)?
-82
Let s(w) = -w**3 - 15*w**2 - 17*w - 19. Calculate s(-14).
23
Let b(s) = -s**2 + s + 2. Calculate b(-2).
-4
Let x(n) = -7*n**3 - 2*n**2 + 2. Determine x(1).
-7
Let v(s) = -s**2 - 32*s + 22. What is v(-33)?
-11
Let g(m) = -2*m**2 - 4*m + 14. Calculate g(-5).
-16
Let f(m) = -4*m**2 - 5*m + 4. What is f(3)?
-47
Let k(u) = -6*u**3 - 36*u**2 + 3*u + 21. Give k(-6).
3
Let o(j) = 10*j + 187. Determine o(-23).
-43
Let u(z) = z**3 - 2*z**2 - 19*z + 12. What is u(5)?
-8
Let y(t) = -3*t**2 - 5*t - 11. What is y(0)?
-11
Let u(r) = 5*r**2 + 40*r + 70. Give u(-5).
-5
Let y(s) = 33*s**2 - 1. What is y(-2)?
131
Let c(p) = -2*p**2 + 2*p + 2. Give c(4).
-22
Let s(g) = g**3 + 17*g**2 + 65*g. Give s(-6).
6
Let u(k) = -k**2 - 4*k - 36. Give u(0).
-36
Let z(m) = 55*m + 379. Calculate z(-7).
-6
Let c(h) = h**3 + 5*h**2 - h + 2. Calculate c(-4).
22
Let a(c) = c**3 + 11*c**2 + 7*c - 13. Calculate a(-10).
17
Let s(a) = 4*a - 68. What is s(25)?
32
Let u(k) = -11*k - 15. Determine u(-6).
51
Let k(x) = -3*x**3 + 2*x - 13. Determine k(4).
-197
Let u(p) = 3*p - 33. Determine u(11).
0
Let w(u) = -u**2 - 6*u + 20. Give w(-9).
-7
Let l(z) = -z**3 + 12*z**2 + z - 28. Determine l(12).
-16
Let n(w) = w**3 + 11*w**2 + 8*w - 33. What is n(-10)?
-13
Let w(h) = -h**3 - 2*h**2 + 12*h + 15. Calculate w(-6).
87
Let l(u) = -u**2 - 10*u - 1. What is l(-9)?
8
Let z(q) = 8*q - 101. What is z(13)?
3
Let t(q) = -q**2 - 25*q + 147. What is t(-30)?
-3
Let s(d) = -2*d**3 + 13*d**2 - d - 13. What is s(6)?
17
Let z(i) = -3*i**2 - 12*i. What is z(-5)?
-15
Let i(z) = 41*z**2 - 204*z - 4. Give i(5).
1
Let p(x) = x**2 + 8*x + 14. Determine p(-8).
14
Let n(m) = 26*m + 4. Give n(-2).
-48
Let x(h) = h**3 + 4*h**2 + 3*h + 6. Calculate x(-3).
6
Let j(b) = -2*b - 9. Determine j(-6).
3
Let p(d) = 7*d - 7. What is p(7)?
42
Let q(n) = 55*n - 441. Calculate q(8).
-1
Let n(b) = 2*b**2 - 12*b - 6. Calculate n(6).
-6
Let m(d) = -d**2 - 3*d + 1. Calculate m(-3).
1
Let t(q) = 2*q + 25. Give t(-13).
-1
Let q(l) = 5*l - 21. Calculate q(3).
-6
Let n(v) = v**3 - 9*v**2 + 2*v - 21. Determine n(9).
-3
Let g(i) = i**2 + 5*i. Give g(-6).
6
Let t(c) = -16*c + 66. What is t(6)?
-30
Let p(q) = -2*q - 47. Calculate p(-24).
1
Let v(o) = o**2 + 10*o - 8. Give v(-11).
3
Let r(h) = h**3 + 3*h**2 + 1. What is r(-3)?
1
Let z(p) = -6*p**3 - 3*p**2 - 2*p + 2. Determine z(-1).
7
Let l(i) = 6*i + 19. What is l(-10)?
-41
Let v(a) = a**3 - 9*a**2 - 11*a + 6. Give v(10).
-4
Let s(f) = -f**3 + 21*f**2 - 20*f + 39. Calculate s(20).
39
Let b(l) = 2*l**2 + 4*l + 7. Give b(-1).
5
Let g(w) = w**3 - 7*w**2 - w + 14. Calculate g(8).
70
Let j(w) = w**3 - 2*w**2. What is j(3)?
9
Let h(y) = -y**3 + 43*y**2 - 45*y + 124. Determine h(42).
-2
Let m(i) = -13*i + 160. What is m(14)?
-22
Let l(b) = -b**2 - 12*b + 49. What is l(3)?
4
Let q(i) = -i**3 + 16*i**2 + 15*i + 10. What is q(17)?
-24
Let q(c) = 18*c - 132. What is q(8)?
12
Let h(n) = -n**3 + 18*n**2 - 2*n + 11. What is h(18)?
-25
Let i(z) = z**3 - 12*z**2 + 10*z + 16. Calculate i(11).
5
Let s(d) = -d**3 - 13*d**2 - 13*d - 17. Determine s(-12).
-5
Let o(j) = -j + 25. Calculate o(32).
-7
Let d(u) = -u**3 - 6*u**2 - 2*u - 4. What is d(-7)?
59
Let r(q) = -2*q**3 - 6*q**2 + 2*q - 14. What is r(-4)?
10
Let x(b) = -76*b + 2. Calculate x(0).
2
Let q(b) = b**3 + 14*b**2 + 5*b + 17. Calculate q(-14).
-53
Let g(i) = i**3 - 11*i**2 - i + 6. Calculate g(11).
-5
Let y(g) = 16*g + 151. Calculate y(-9).
7
Let d(n) = -3*n + 2. Determine d(4).
-10
Let h(z) = 6*z - 54. Calculate h(8).
-6
Let q(o) = o - 12. Determine q(0).
-12
Let y(h) = -h**3 - 12*h**2 + 12*h - 11. Calculate y(-13).
2
Let v(b) = b**2 + 2*b. Determine v(-6).
24
Let u(g) = g**2 + 14*g - 4. What is u(-7)?
-53
Let w(v) = v**3 - 11*v**2 - 11*v - 16. Determine w(12).
-4
Let r(u) = -2*u**2 - 11*u + 13. What is r(-7)?
-8
Let a(j) = -j**2 - 7*j - 9. Give a(-5).
1
Let m(t) = 46*t - 789. Give m(17).
-7
Let a(h) = -2*h + 2. What is a(5)?
-8
Let f(o) = 4*o + 6. Determine f(11).
50
Let v(h) = -h**2 - 10*h + 1. Determine v(-9).
10
Let x(t) = -2*t**3 + 2*t**2 - 2*t - 1. Give x(3).
-43
Let r(p) = -p + 11. What is r(13)?
-2
Let i(d) = -2*d**3 + 34*d**2 - 32*d + 18. What is i(16)?
18
Let j(d) = 7*d**2 - 21*d + 4. Calculate j(5).
74
Let k(y) = 4*y + 8. Give k(-3).
-4
Let r(b) = -2*b**2 + 6*b - 1. Determine r(4).
-9
Let n(b) = b**3 - 20*b**2 + 20*b - 22. Determine n(19).
-3
Let y(c) = -2*c**2 + 9*c - 7. Calculate y(5).
-12
Let d(q) = 2*q**2 - 3*q + 3. Give d(3).
12
Let g(k) = 5*k + 7. Calculate g(4).
27
Let s(t) = 3*t + 3. Calculate